
True
Does 4 divide 84584?
True
Is 214251 a multiple of 56?
False
Does 171 divide 2483433?
True
Is 823 a factor of 1701512?
False
Does 14 divide 991592?
True
Is 20 a factor of 313480?
True
Does 41 divide 1599?
True
Does 11 divide 1079903?
True
Is 2743 a factor of 14751854?
True
Is 4850406 a multiple of 561?
True
Is 64 a factor of 103808?
True
Is 353379 a multiple of 12?
False
Is 32620 a multiple of 28?
True
Is 16796 a multiple of 68?
True
Is 117 a factor of 3692403?
True
Does 44 divide 625858?
False
Does 5 divide 4678251?
False
Is 3707620 a multiple of 169?
False
Does 43 divide 41467?
False
Is 202663 a multiple of 157?
False
Is 275501 a multiple of 43?
True
Is 409 a factor of 895301?
True
Does 73 divide 4479120?
False
Is 121 a factor of 10043?
True
Does 13 divide 2671656?
True
Is 20 a factor of 1908920?
True
Is 41 a factor of 479126?
True
Does 22 divide 64064?
True
Is 47006 a multiple of 44?
False
Is 1037988 a multiple of 9?
True
Does 11 divide 13650010?
True
Does 11 divide 1154384?
True
Is 221272 a multiple of 13?
False
Is 13 a factor of 131443?
True
Is 98256 a multiple of 12?
True
Does 7 divide 96211?
False
Is 671990 a multiple of 12?
False
Is 3 a factor of 77396?
False
Does 2 divide 27532?
True
Is 472 a factor of 480968?
True
Does 37 divide 5957?
True
Does 23 divide 450010?
False
Is 11 a factor of 578621?
False
Is 40 a factor of 33760?
True
Is 229 a factor of 292433?
True
Is 26733 a multiple of 71?
False
Is 9723636 a multiple of 234?
True
Does 8 divide 529721?
False
Does 90 divide 907984?
False
Is 60 a factor of 275947?
False
Is 8 a factor of 490099?
False
Is 72 a factor of 13000211?
False
Is 20 a factor of 17126232?
False
Is 161880 a multiple of 19?
True
Does 650 divide 9160728?
False
Is 29 a factor of 169911?
True
Does 54 divide 3813390?
False
Is 5 a factor of 88687?
False
Does 11 divide 1203766?
False
Does 181 divide 434092?
False
Is 46 a factor of 439487?
False
Is 154847 a multiple of 18?
False
Is 14 a factor of 2007390?
True
Is 180 a factor of 487800?
True
Is 7787069 a multiple of 27?
False
Is 182 a factor of 114114?
True
Is 7377146 a multiple of 112?
False
Is 64246 a multiple of 7?
True
Is 93 a factor of 12648?
True
Is 3 a factor of 116586?
True
Is 17 a factor of 562994?
False
Does 25 divide 802036?
False
Is 20124 a multiple of 129?
True
Does 28 divide 10443888?
True
Does 10 divide 13281?
False
Is 115416 a multiple of 84?
True
Is 161 a factor of 60441?
False
Is 2522145 a multiple of 13?
False
Does 6 divide 3985?
False
Is 289952 a multiple of 288?
False
Is 11 a factor of 571115?
False
Is 65009 a multiple of 37?
True
Is 141 a factor of 2766458?
False
Is 293 a factor of 431638?
False
Does 18 divide 129380?
False
Is 287 a factor of 1140825?
True
Does 174 divide 55402?
False
Does 34 divide 564197?
False
Does 1892 divide 12285079?
False
Does 50 divide 885675?
False
Is 3804777 a multiple of 170?
False
Is 1531257 a multiple of 553?
True
Is 31 a factor of 1709910?
False
Is 61 a factor of 431640?
False
Does 45 divide 46004?
False
Is 2550400 a multiple of 800?
True
Is 39 a factor of 5067192?
True
Is 1732875 a multiple of 375?
True
Is 908321 a multiple of 2?
False
Is 336 a factor of 1171348?
False
Is 77 a factor of 18249?
True
Does 57 divide 2310780?
True
Does 13 divide 3170823?
False
Is 10 a factor of 17710?
True
Does 16 divide 254758?
False
Is 37 a factor of 7944159?
True
Is 353 a factor of 928390?
True
Is 520 a factor of 14941680?
True
Is 50794 a multiple of 218?
True
Does 32 divide 839671?
False
Is 466992 a multiple of 30?
False
Is 57 a factor of 4332?
True
Does 17 divide 3973386?
False
Is 4819528 a multiple of 188?
False
Does 98 divide 139142?
False
Is 2514286 a multiple of 14?
False
Does 6 divide 48948?
True
Does 8 divide 228790?
False
Does 324 divide 634068?
True
Does 8 divide 22606?
False
Does 522 divide 707439?
False
Is 410656 a multiple of 4?
True
Does 23 divide 1475788?
False
Is 120 a factor of 111120?
True
Does 14 divide 29946?
True
Does 64 divide 1370496?
True
Is 68391 a multiple of 3?
True
Does 232 divide 503904?
True
Does 98 divide 297038?
True
Is 223716 a multiple of 38?
False
Is 3397 even?
False
Does 151 divide 33371?
True
Is 205 a factor of 4681604?
False
Does 132 divide 193248?
True
Is 10 a factor of 324750?
True
Is 2440930 a multiple of 38?
True
Does 42 divide 323473?
False
Is 102 a factor of 9088302?
True
Does 12 divide 308592?
True
Does 31 divide 5304999?
True
Does 19 divide 25577705?
True
Is 218 a factor of 1607096?
True
Is 144 a factor of 12731535?
False
Is 319979 a multiple of 13?
False
Is 13 a factor of 83785?
True
Does 98 divide 305014?
False
Does 32 divide 1169024?
True
Is 23 a factor of 643947?
False
Is 117 a factor of 349498?
False
Is 50 a factor of 715260?
False
Does 24 divide 19502442?
False
Is 133 a factor of 179816?
True
Is 835310 a multiple of 14?
True
Does 41 divide 384470?
False
Is 22 a factor of 1860562?
True
Does 29 divide 8325044?
False
Is 8 a factor of 734477?
False
Does 73 divide 62123?
True
Is 2 a factor of 14988?
True
Does 99 divide 134369?
False
Does 56 divide 4380264?
True
Is 60 a factor of 2175060?
True
Is 40 a factor of 272920?
True
Does 58 divide 185633?
False
Is 238173 a multiple of 13?
True
Is 414834 a multiple of 498?
True
Is 105 a factor of 13211154?
False
Does 7 divide 10868299?
False
Does 194 divide 85942?
True
Is 53738 a multiple of 307?
False
Does 20 divide 1043931?
False
Is 29355 a multiple of 383?
False
Is 430762 a multiple of 85?
False
Is 161 a factor of 3542163?
False
Is 7377370 a multiple of 58?
False
Is 129 a factor of 188985?
True
Does 108 divide 397764?
True
Is 1411047 a multiple of 9?
True
Is 332 a factor of 5895897?
False
Does 68 divide 2328320?
True
Does 4 divide 4021122?
False
Is 89 a factor of 4391260?
True
Is 24 a factor of 4813?
False
Is 43 a factor of 230290?
False
Is 2340496 a multiple of 10?
False
Is 17 a factor of 12998?
False
Is 1743246 a multiple of 9?
True
Is 36 a factor of 1279764?
True
Is 38281 a multiple of 9?
False
Is 11 a factor of 7063881?
True
Is 370 a factor of 379250?
True
Does 10 divide 4221660?
True
Is 1037090 a multiple of 29?
False
Is 27963 a multiple of 17?
False
Is 374076 a multiple of 119?
False
Is 279 a factor of 181858?
False
Does 277 divide 7920261?
True
Does 64 divide 863559?
False
Is 5 a factor of 9450715?
True
Is 3518277 a multiple of 53?
False
Does 23 divide 2909120?
False
Is 154265 a multiple of 5?
True
Does 64 divide 21129?
False
Is 208 a factor of 4352608?
True
Does 1819 divide 5623176?
False
Is 75 a factor of 65550?
True
Does 64 divide 6783232?
True
Is 3 a factor of 24300?
True
Is 112440 a multiple of 10?
True
Does 218 divide 952278?
False
Is 259092 a multiple of 54?
True
Is 597320 a multiple of 40?
True
Is 3 a factor of 13672?
False
Is 10338353 a multiple of 14?
False
Is 58 a factor of 45356?
True
Does 576 divide 191640?
False
Does 49 divide 122010?
True
Does 23 divide 625593?
False
Is 11368383 a multiple of 13?
True
Does 171 divide 27378842?
False
Is 54 a factor of 100332?
True
Is 906906 a multiple of 546?
True
Is 26 a factor of 840267?
False
Is 5 a factor of 254693?
False
Does 4 divide 16965?
False
Does 4 divide 341013?
False
Does 759 divide 305877?
True
Is 1481652 a multiple of 918?
True
Is 14 a factor of 4001637?
False
Is 60945 a multiple of 15?
True
Is 179724 a multiple of 17?
True
Is 2 a factor of 1416428?
True
Does 131 divide 1168258?
True
Is 9027 a multiple of 51?
True
Is 80 a factor of 382353?
False
Does 3 divide 79914?
True
Does 130 divide 124032?
False
Is 414714 a multiple of 260?
False
Does 309 divide 2210294?
False
Is 901033 a multiple of 74?
False
Is 2 a factor of 712214?
True
Is 22 a factor of 4026682?
True
Is 2927142 a multiple of 9?
True
Is 51 a factor of 1378655?
False
Does 48 divide 8163513?
False
Is 1271 a multiple of 2?
False
Does 3 divide 147659?
False
Is 3211470 a multiple of 30?
True
Does 535 divide 6430700?
True
Does 380 divide 1238800?
True
Does 15 divide 282248?
False
Is 147798 a multiple of 12?
False
Is 87 a factor of 494943?
True
Is 15 a factor of 2574244?
False
Is 42 a factor of 309088?
False
Is 195 a factor of 32618?
False
Is 12 a factor of 3806467?
False
Does 214 divide 27275370?
True
Is 9 a factor of 89138?
False
Does 11 divide 75556?
False
Is 126994 a multiple of 193?
True
Does 11 divide 1455465?
True
D